 c*i + i**2. Let d be r(4). Give z(d).
2
Let h(s) be the second derivative of 1/20*s**5 + 1/2*s**2 + 0 - 3*s + 1/3*s**3 - 1/3*s**4. Calculate h(3).
-2
Let p(h) = -5*h**2 + 3*h - 1. Let u(k) = -16*k**2 + 8*k - 3. Let a(r) = 8*p(r) - 3*u(r). Determine a(1).
9
Let d(s) = s + 11. Let a be d(-7). Suppose 0 = a*m - 0*m. Let u(x) = x - 7. Calculate u(m).
-7
Let b be 2/9 + (-47)/9. Let y(a) be the first derivative of a**5/20 + a**4/2 + a**3 - a**2/2 + a + 1. Let h(v) be the first derivative of y(v). What is h(b)?
-6
Let c(o) = -o**3 - 6*o**2 + 9*o + 9. Suppose -2*x = 3*m - 15, 2*x + 0 = -2*m + 10. Let j = x - 7. Determine c(j).
-5
Let z be 0 + 5/(-10)*(3 + -5). Let o(w) = -2*w - 5. Let q(x) = -x - 2. Let h(k) = 3*o(k) - 7*q(k). Give h(z).
0
Suppose -5*v + 2*k + 11 = 0, k + 4*k - 25 = -5*v. Suppose 0 - 6 = -v*n. Let t(p) = -p**2 - p + 2. Calculate t(n).
-4
Let i = -59 - -59. Let m(h) = h - 6. Determine m(i).
-6
Let w(x) be the third derivative of -x**5/60 + x**4/3 - x**3/6 - 4*x**2 - 2. Give w(8).
-1
Let l be 0/((-5)/(-5)*1). Let c(f) = -f**3 + f**2 - f - 5. Determine c(l).
-5
Suppose -o + 2*m - 5 = 4, -20 = -5*m. Let w(n) be the first derivative of 1 - n - 7/3*n**3 - n**2. Calculate w(o).
-6
Let u(d) = -d**2 + 5*d - 5. Suppose -7 = v + 5*w - 0, 4*v - 4*w = 68. Let n = -9 + v. Calculate u(n).
-1
Let k(q) = -q**3 + 8*q**2 - 6*q - 9. Let l be k(7). Let g = -1 - l. Let o be 1 - (-2*g - 0). Let j(m) = -2*m + 1. Determine j(o).
-5
Let x(l) = -l**3 + 6*l**2 + 6*l + 7. Let c be x(7). Let v be (-14)/(-6) - 2/6. Let j(k) = 8 + k**v + k - 2*k + 0 + 0*k. What is j(c)?
8
Let o(y) be the third derivative of y**9/60480 + y**7/5040 + y**6/720 + y**5/20 + y**2. Let i(u) be the third derivative of o(u). Determine i(0).
1
Let g(p) = 3 + 0*p**3 - 2*p**3 + 5*p**3 - 1 - 3*p**2 + p. Calculate g(2).
16
Let g(w) = 5*w**2 + 10*w - 8. Let u(m) = -11*m**2 - 21*m + 17. Let k = -7 + 13. Let h(b) = k*u(b) + 13*g(b). Calculate h(3).
1
Let a = 15 - 11. Let x = 8 + a. Suppose 0 = -7*p + 3*p - x. Let l(c) = 2*c**2 + 5*c + 2. What is l(p)?
5
Let m(l) = -14*l + 3*l**2 + 4*l + 11*l. What is m(1)?
4
Let x(o) = -7*o**3 - 3*o**2 + 4*o + 8. Let m(i) = -i**3 + 1. Let t(j) = -6*m(j) + x(j). Let w be (3 - 0)/((-6)/8). Determine t(w).
2
Let s = -2 + 5. Let x(a) = -2*a**3 + 1 + a - a**s - 2*a - 2. Let g(o) = -o - 4. Let q be g(-3). Give x(q).
3
Let u(t) = 13*t + 15. Let n(x) = 7*x + 8. Let f(s) = 11*n(s) - 6*u(s). What is f(2)?
-4
Let d(i) = i**3 - 3*i - 3. Let x(n) = -2*n**3 + n**2 + 5*n + 6. Suppose -5*m + 2*w - 33 = 0, 3*m + 4*w + w = -26. Let p(g) = m*d(g) - 4*x(g). Determine p(3).
-9
Let b(p) be the second derivative of -p**4/2 + p**3/3 - 5*p**2/2 - p. Let n(m) = 5*m**2 - 2*m + 4. Let l(o) = 6*b(o) + 7*n(o). Determine l(-3).
-5
Let o = 0 - -4. Let q be ((-6)/o - -2)*6. Suppose -3*b = 3*p + 12, p = -5*b + q - 27. Let w(r) = r**3 + 4*r**2 - 7*r - 2. Give w(b).
8
Let w(k) = k**2 + 8*k + 18. Let u be w(-6). Let g(t) = t**2 - 5*t - 8. What is g(u)?
-2
Let m(a) = -a - 79 + 36 + 36 + 0*a. What is m(-7)?
0
Let x(f) = f**2 + f - 8. Let n(j) = -j - 2. Let m be n(-4). Suppose 2*t = -m*t. Suppose 9 = 3*g, 5*w - 2*g - g + 9 = t. Determine x(w).
-8
Let l = -2 - -8. Let i(t) = -t**2 + 9*t - 8. Calculate i(l).
10
Let v(z) be the second derivative of -z**4/6 + z**3 + 7*z. Calculate v(5).
-20
Let n(j) be the second derivative of -j**5/40 + 3*j**4/8 - j**3 + 7*j. Let s(g) be the second derivative of n(g). Determine s(6).
-9
Let x(m) = -9*m**2 + m - 4. Let h(b) = -5*b**2 + b - 2. Let j(a) = -7*h(a) + 4*x(a). Calculate j(-2).
0
Let p(o) = -o. Let z(d) = -d - 7. Let r be z(-13). Calculate p(r).
-6
Let s be (-8 - -12)*(-2)/(-8). Let h be (-2 - s) + (-12)/4. Let a(c) = -c**2 - 9*c - 8. Determine a(h).
10
Let l(n) = -n**3 + 5*n**2 + n. Suppose o - 1 - 1 = 0. Suppose 4*h - o*z = h + 7, -z + 4 = 0. Calculate l(h).
5
Let c(t) = -t + 1. Let j = -82 - -81. Determine c(j).
2
Let q(g) = -g + 4. Let l(i) = -i**2 - 10*i - 3. Let u(t) = t**3 + 3*t**2 - 5*t - 2. Let m be u(-4). Let r = m + -12. Let z be l(r). Calculate q(z).
7
Let o(u) be the second derivative of u**4/12 - u**2/2 - 7*u. What is o(-2)?
3
Suppose 55 = -3*k + 13. Let j = -9 - k. Let a(p) = p**3 - 4*p**2 - 6*p. Calculate a(j).
-5
Let f(z) be the second derivative of -z**5/120 - 7*z**4/24 - z**3/3 + 2*z. Let w(v) be the second derivative of f(v). Suppose -4*m = m + 25. Determine w(m).
-2
Let t(j) = -7*j**2 + 5*j - 7. Let u(k) = -6*k**2 + 4*k - 6. Let v(s) = 5*t(s) - 6*u(s). Give v(-3).
7
Let q(y) = -2*y - 2. Let t(k) = -2*k - 2. Let x(m) = 5*q(m) - 4*t(m). Determine x(6).
-14
Let u(j) be the second derivative of -j**5/20 + j**4/3 - j**3/6 - 2*j**2 + 9*j. Give u(4).
-8
Suppose -2*t = 1 - 3. Let n be ((-5)/(-10))/((-3)/(-30)). Suppose 0 = 2*y + n + t. Let d(p) = p**2 + 5*p + 4. Determine d(y).
-2
Let a = -6 + 8. Let w(u) = u**a + 2*u + 3*u + 2 + 0*u. Let m = 9 - 12. Give w(m).
-4
Let u(q) = -q**3 + 4*q**2 - 3*q - 2. Let z(s) = -2*s + 31. Let a be z(14). Calculate u(a).
-2
Let c(f) be the second derivative of f**5/20 + f**4/4 + f**3/3 + 2*f**2 + 2*f - 22. Give c(-3).
-2
Let m(r) be the first derivative of -r**3/3 - 7*r**2/2 + 3*r - 23. What is m(-7)?
3
Suppose 5*j - 8 = -3. Let i(c) = -c**3 - c + 1. Determine i(j).
-1
Suppose -2 = 3*b - 26. Let f = 10 - b. Let t(k) = k**3 + k**2. Determine t(f).
12
Let w = -61 - -60. Let d(h) = -5*h**2 - 1. Calculate d(w).
-6
Suppose v = -5*b - 1, 4*v - 3*b - 2*b = -29. Let y = -3 - v. Let l(q) = -y - 9*q**3 + 5*q**2 + 5*q - q + 10*q**3. Give l(-4).
-3
Let y(w) = 6*w + 3. Suppose x + 8 = -3*x. Give y(x).
-9
Let b be ((-48)/(-18))/(4/6). Let y(v) = v**2 - 5. What is y(b)?
11
Let h(u) be the first derivative of 5*u**4/4 + u**3/3 - u**2/2 - u - 33. What is h(-1)?
-4
Suppose 2*t - t = 0. Suppose t = j - 0*j. Let i(b) = -b + 4. Calculate i(j).
4
Let s(d) = d - 3. Let p = -32 - -36. Determine s(p).
1
Let s(i) = -8*i. Let k be 1*(-2)/(-4)*-2. What is s(k)?
8
Suppose -3*o - 4*z - 9 = 0, 0*o + 5 = 2*o - z. Let x(l) = 2*l + 1 + 3*l - l. What is x(o)?
5
Let w(c) = c + 1. Let u be w(3). Suppose -2*l + 8 = 0, -u*a = -3*a + 3*l - 8. Let k(o) = o + 4. What is k(a)?
0
Let s be -2 - 0*2*2/(-4). Let m(z) = -4 + 6 - 4 + z**2 - 3*z. Calculate m(s).
8
Let z(c) = -1 + c**3 - 23*c**2 + 14*c**2 + 5*c + 15*c**2. Suppose 3*d + 22 = -2*o, -2*o - 5 + 3 = -2*d. Give z(o).
-1
Let t(g) = -g. Let w(i) = -15. Let a(b) = -2*t(b) - w(b). Give a(-10).
-5
Let m(v) = 7*v + 1. Suppose 5*a - 25 = 0, o - 5*o - 5*a = -13. Let p be ((-2)/(-6))/(1/o). Give m(p).
-6
Let w(q) = 4*q - 3. Let z(g) = 7*g - 6. Let i(t) = 5*w(t) - 3*z(t). Let l(a) = -a**2 - 4*a + 1. Let m be l(-3). Suppose 0 = m*u - 6*u + 10. What is i(u)?
-2
Let h(s) be the first derivative of -s**3/3 - 3*s**2 - 4*s - 11. Determine h(-3).
5
Let c(d) = -4*d**3 - d**2 - 13*d - 9. Let l(u) = 3*u**3 + u**2 + 9*u + 6. Let h(z) = -5*c(z) - 7*l(z). Determine h(-3).
6
Let x(p) be the first derivative of 2/3*p**3 - 3*p - p**2 + 1. Give x(-2).
9
Let j be 9/6 + 14/4. Let d(i) = 2 - 9 + i + 0*i. Give d(j).
-2
Let h(u) be the first derivative of -u**4/4 + u**3 + u**2 + u - 1. Determine h(2).
9
Let k = 4 + -2. Let h(j) = -4*j + 2 - 3 + 2 - j**k. What is h(-4)?
1
Let b(u) = u**3 + 6*u**2 + 7. Suppose -16*x = -21*x - 30. What is b(x)?
7
Let w(i) = i**2 - i + 2. Let a be w(2). Suppose 27 = 5*t - a*p - 8, -t - 5*p = 22. Let m(r) = -r + r**t + 5*r**2 + 2*r + 4*r. Give m(-4).
-4
Let f(h) = -12. Let o(i) = i + 13. Let a(k) = 3*f(k) + 2*o(k). Calculate a(8).
6
Let b = 1 - 2. Let h(j) = -j**3 + j**2 - j - 1. Let p(i) = -6*i**3 + i**2 + i - 8. Let c(o) = b*p(o) + 5*h(o). Give c(-5).
8
Let b(q) = -2*q + 3. Suppose -o + 0 = -3*i + 1, 4*o - 5*i = 17. Suppose o = -4*t - 16. Determine b(t).
15
Let f(x) = 5*x**3 + 7*x - 3. Let r(q) = -q**3 - q**2 - q. Let o(a) = f(a) + 3*r(a). What is o(2)?
9
Suppose -2*a = 4*g - 34, -39 = g - 5*g - 3*a. Let x be 4/((-60)/5)*-6. Let c(q) = -q**2 + 2 - 9*q + g*q + q**2 - q**x. Calculate c(2).
-8
Let u(v) = -18*v + 6*v + 1 + 7*v. Determine u(-1).
6
Let c(o) be the third derivative of o**5/60 - 7*o**4/24 - o**3/6 - 17*o**2. Give c(4).
-13
Let s(g) be the second derivative of -g**3/6 + g**2/2 - 2*g. Let a be (-16)/10*10/(-4). Determine s(a).
-3
Let h(o) = o**2 + 10*o + 19. Let v be h(-8). Let j(b) = b**3 - b**2 -